{"id":3129,"date":"2023-07-18T08:21:16","date_gmt":"2023-07-18T08:21:16","guid":{"rendered":"https:\/\/site.hbcmobility.com.br\/?page_id=3129"},"modified":"2024-02-15T11:47:16","modified_gmt":"2024-02-15T14:47:16","slug":"ev-charging","status":"publish","type":"page","link":"https:\/\/hbcmobility.com.br\/br\/ev-charging\/","title":{"rendered":"Recarga de ve\u00edculos el\u00e9tricos"},"content":{"rendered":"<div data-elementor-type=\"wp-page\" data-elementor-id=\"3129\" class=\"elementor elementor-3129\">\n\t\t\t\t\t\t<section class=\"elementor-section elementor-top-section elementor-element elementor-element-92dbf9d elementor-section-boxed elementor-section-height-default elementor-section-height-default\" data-id=\"92dbf9d\" data-element_type=\"section\">\n\t\t\t\t\t\t<div class=\"elementor-container elementor-column-gap-default\">\n\t\t\t\t\t<div class=\"elementor-column elementor-col-100 elementor-top-column elementor-element elementor-element-2e6b79d\" data-id=\"2e6b79d\" data-element_type=\"column\">\n\t\t\t<div class=\"elementor-widget-wrap elementor-element-populated\">\n\t\t\t\t\t\t<div class=\"elementor-element elementor-element-91e2236 elementor-widget elementor-widget-text-editor\" data-id=\"91e2236\" data-element_type=\"widget\" data-widget_type=\"text-editor.default\">\n\t\t\t\t<div class=\"elementor-widget-container\">\n\t\t\t<style>\/*! elementor - v3.19.0 - 29-01-2024 *\/\n.elementor-widget-text-editor.elementor-drop-cap-view-stacked .elementor-drop-cap{background-color:#69727d;color:#fff}.elementor-widget-text-editor.elementor-drop-cap-view-framed .elementor-drop-cap{color:#69727d;border:3px solid;background-color:transparent}.elementor-widget-text-editor:not(.elementor-drop-cap-view-default) .elementor-drop-cap{margin-top:8px}.elementor-widget-text-editor:not(.elementor-drop-cap-view-default) .elementor-drop-cap-letter{width:1em;height:1em}.elementor-widget-text-editor .elementor-drop-cap{float:left;text-align:center;line-height:1;font-size:50px}.elementor-widget-text-editor .elementor-drop-cap-letter{display:inline-block}<\/style>\t\t\t\t<p>Atualmente, as vendas de ve\u00edculos el\u00e9tricos t\u00eam aumentado rapidamente em todo o mundo. A onda de eletrifica\u00e7\u00e3o global de ve\u00edculos tem sido uma tend\u00eancia . \u00c0 medida que os ve\u00edculos el\u00e9tricos aumentam, a demanda por carregamento de ve\u00edculos el\u00e9tricos cresce a cada dia.<\/p>\t\t\t\t\t\t<\/div>\n\t\t\t\t<\/div>\n\t\t\t\t\t<\/div>\n\t\t<\/div>\n\t\t\t\t\t<\/div>\n\t\t<\/section>\n\t\t\t\t<section class=\"elementor-section elementor-top-section elementor-element elementor-element-6b0b8b5 elementor-section-boxed elementor-section-height-default elementor-section-height-default\" data-id=\"6b0b8b5\" data-element_type=\"section\">\n\t\t\t\t\t\t<div class=\"elementor-container elementor-column-gap-default\">\n\t\t\t\t\t<div class=\"elementor-column elementor-col-50 elementor-top-column elementor-element elementor-element-517a8d1\" data-id=\"517a8d1\" data-element_type=\"column\">\n\t\t\t<div class=\"elementor-widget-wrap elementor-element-populated\">\n\t\t\t\t\t\t<div class=\"elementor-element elementor-element-c73f30d elementor-widget elementor-widget-image\" data-id=\"c73f30d\" data-element_type=\"widget\" data-widget_type=\"image.default\">\n\t\t\t\t<div class=\"elementor-widget-container\">\n\t\t\t<style>\/*! elementor - v3.19.0 - 29-01-2024 *\/\n.elementor-widget-image{text-align:center}.elementor-widget-image a{display:inline-block}.elementor-widget-image a img[src$=\".svg\"]{width:48px}.elementor-widget-image img{vertical-align:middle;display:inline-block}<\/style>\t\t\t\t\t\t\t\t\t\t<img fetchpriority=\"high\" decoding=\"async\" width=\"750\" height=\"750\" src=\"https:\/\/hbcmobility.com.br\/wp-content\/uploads\/2024\/02\/1-1.png\" class=\"attachment-full size-full wp-image-5022\" alt=\"\" srcset=\"https:\/\/hbcmobility.com.br\/wp-content\/uploads\/2024\/02\/1-1.png 750w, https:\/\/hbcmobility.com.br\/wp-content\/uploads\/2024\/02\/1-1-300x300.png 300w, https:\/\/hbcmobility.com.br\/wp-content\/uploads\/2024\/02\/1-1-150x150.png 150w, https:\/\/hbcmobility.com.br\/wp-content\/uploads\/2024\/02\/1-1-12x12.png 12w, https:\/\/hbcmobility.com.br\/wp-content\/uploads\/2024\/02\/1-1-285x285.png 285w, https:\/\/hbcmobility.com.br\/wp-content\/uploads\/2024\/02\/1-1-270x270.png 270w, https:\/\/hbcmobility.com.br\/wp-content\/uploads\/2024\/02\/1-1-540x540.png 540w, https:\/\/hbcmobility.com.br\/wp-content\/uploads\/2024\/02\/1-1-660x660.png 660w\" sizes=\"(max-width: 750px) 100vw, 750px\" \/>\t\t\t\t\t\t\t\t\t\t\t\t\t<\/div>\n\t\t\t\t<\/div>\n\t\t\t\t\t<\/div>\n\t\t<\/div>\n\t\t\t\t<div class=\"elementor-column elementor-col-50 elementor-top-column elementor-element elementor-element-2fd08fa\" data-id=\"2fd08fa\" data-element_type=\"column\">\n\t\t\t<div class=\"elementor-widget-wrap elementor-element-populated\">\n\t\t\t\t\t\t<div class=\"elementor-element elementor-element-4ee71f5 elementor-widget elementor-widget-text-editor\" data-id=\"4ee71f5\" data-element_type=\"widget\" data-widget_type=\"text-editor.default\">\n\t\t\t\t<div class=\"elementor-widget-container\">\n\t\t\t\t\t\t\t<p>Com a vis\u00e3o de uma solu\u00e7\u00e3o inteligente e acess\u00edvel de <a title=\"Carregador de Ve\u00edculos El\u00e9tricos - Home\" href=\"https:\/\/site.hbcmobility.com.br\/home-ev-charger\/\"><strong>Carregamento de ve\u00edculos el\u00e9tricos<\/strong><\/a> A HBC Mobility fornece solu\u00e7\u00f5es completas, desde o armazenamento de energia at\u00e9 o carregamento de ve\u00edculos el\u00e9tricos. Para a nossa solu\u00e7\u00e3o de carregamento de ve\u00edculos el\u00e9tricos, n\u00e3o s\u00f3 fabricamos carregadores de ve\u00edculos el\u00e9tricos, mas tamb\u00e9m desenvolvemos plataformas de carregamento de ve\u00edculos el\u00e9tricos e aplicativos de carregamento de ve\u00edculos el\u00e9tricos, o que torna uma solu\u00e7\u00e3o completa de carregamento de ve\u00edculos el\u00e9tricos dispon\u00edvel para nossos clientes. Tamb\u00e9m mantemos nossa tecnologia de carregamento de ve\u00edculos el\u00e9tricos sempre atualizada com as novas tecnologias. Por exemplo, a ISO15118, que oferece gerenciamento din\u00e2mico de carga e a integra\u00e7\u00e3o do sistema de armazenamento de energia que est\u00e3o dispon\u00edveis na <a href=\"https:\/\/site.hbcmobility.com.br\/\"><strong>HBC Mobility.<\/strong><\/a><\/p>\t\t\t\t\t\t<\/div>\n\t\t\t\t<\/div>\n\t\t\t\t<div class=\"elementor-element elementor-element-ea05442 elementor-align-left elementor-widget elementor-widget-button\" data-id=\"ea05442\" data-element_type=\"widget\" data-widget_type=\"button.default\">\n\t\t\t\t<div class=\"elementor-widget-container\">\n\t\t\t\t\t<div class=\"elementor-button-wrapper\">\n\t\t\t<a class=\"elementor-button elementor-button-link elementor-size-sm\" href=\"https:\/\/site.hbcmobility.com.br\/product-category\/home-ev-charger\/\">\n\t\t\t\t\t\t<span class=\"elementor-button-content-wrapper\">\n\t\t\t\t\t\t<span class=\"elementor-button-text\">Saiba mais<\/span>\n\t\t<\/span>\n\t\t\t\t\t<\/a>\n\t\t<\/div>\n\t\t\t\t<\/div>\n\t\t\t\t<\/div>\n\t\t\t\t\t<\/div>\n\t\t<\/div>\n\t\t\t\t\t<\/div>\n\t\t<\/section>\n\t\t\t\t<section class=\"elementor-section elementor-top-section elementor-element elementor-element-76b82ce elementor-section-boxed elementor-section-height-default elementor-section-height-default\" data-id=\"76b82ce\" data-element_type=\"section\" data-settings=\"{&quot;background_background&quot;:&quot;classic&quot;}\">\n\t\t\t\t\t\t<div class=\"elementor-container elementor-column-gap-default\">\n\t\t\t\t\t<div class=\"elementor-column elementor-col-50 elementor-top-column elementor-element elementor-element-5524886\" data-id=\"5524886\" data-element_type=\"column\">\n\t\t\t<div class=\"elementor-widget-wrap elementor-element-populated\">\n\t\t\t\t\t\t<div class=\"elementor-element elementor-element-343802d elementor-widget elementor-widget-text-editor\" data-id=\"343802d\" data-element_type=\"widget\" data-widget_type=\"text-editor.default\">\n\t\t\t\t<div class=\"elementor-widget-container\">\n\t\t\t\t\t\t\t<p>Seguran\u00e7a, intelig\u00eancia e durabilidade s\u00e3o fatores importantes que consideramos para o carregamento de ve\u00edculos el\u00e9tricos, e \u00e9 exatamente isso que buscamos em nossos carregadores de ve\u00edculos el\u00e9tricos por meio de pesquisa e desenvolvimento constantes. As certifica\u00e7\u00f5es de nossos carregadores de ve\u00edculos el\u00e9tricos nos tornam experientes em regulamenta\u00e7\u00f5es rigorosas. \u00a0<\/p>\t\t\t\t\t\t<\/div>\n\t\t\t\t<\/div>\n\t\t\t\t<div class=\"elementor-element elementor-element-32af7cc elementor-align-left elementor-widget elementor-widget-button\" data-id=\"32af7cc\" data-element_type=\"widget\" data-widget_type=\"button.default\">\n\t\t\t\t<div class=\"elementor-widget-container\">\n\t\t\t\t\t<div class=\"elementor-button-wrapper\">\n\t\t\t<a class=\"elementor-button elementor-button-link elementor-size-sm\" href=\"https:\/\/site.hbcmobility.com.br\/contact-us\/\">\n\t\t\t\t\t\t<span class=\"elementor-button-content-wrapper\">\n\t\t\t\t\t\t<span class=\"elementor-button-text\">Contato<\/span>\n\t\t<\/span>\n\t\t\t\t\t<\/a>\n\t\t<\/div>\n\t\t\t\t<\/div>\n\t\t\t\t<\/div>\n\t\t\t\t\t<\/div>\n\t\t<\/div>\n\t\t\t\t<div class=\"elementor-column elementor-col-50 elementor-top-column elementor-element elementor-element-4ceb53e\" data-id=\"4ceb53e\" data-element_type=\"column\">\n\t\t\t<div class=\"elementor-widget-wrap elementor-element-populated\">\n\t\t\t\t\t\t<div class=\"elementor-element elementor-element-df3fc35 elementor-widget elementor-widget-image\" data-id=\"df3fc35\" data-element_type=\"widget\" data-widget_type=\"image.default\">\n\t\t\t\t<div class=\"elementor-widget-container\">\n\t\t\t\t\t\t\t\t\t\t\t\t\t<img decoding=\"async\" width=\"750\" height=\"750\" src=\"https:\/\/hbcmobility.com.br\/wp-content\/uploads\/2024\/02\/2-1.png\" class=\"attachment-full size-full wp-image-5023\" alt=\"\" srcset=\"https:\/\/hbcmobility.com.br\/wp-content\/uploads\/2024\/02\/2-1.png 750w, https:\/\/hbcmobility.com.br\/wp-content\/uploads\/2024\/02\/2-1-300x300.png 300w, https:\/\/hbcmobility.com.br\/wp-content\/uploads\/2024\/02\/2-1-150x150.png 150w, https:\/\/hbcmobility.com.br\/wp-content\/uploads\/2024\/02\/2-1-12x12.png 12w, https:\/\/hbcmobility.com.br\/wp-content\/uploads\/2024\/02\/2-1-285x285.png 285w, https:\/\/hbcmobility.com.br\/wp-content\/uploads\/2024\/02\/2-1-270x270.png 270w, https:\/\/hbcmobility.com.br\/wp-content\/uploads\/2024\/02\/2-1-540x540.png 540w, https:\/\/hbcmobility.com.br\/wp-content\/uploads\/2024\/02\/2-1-660x660.png 660w\" sizes=\"(max-width: 750px) 100vw, 750px\" \/>\t\t\t\t\t\t\t\t\t\t\t\t\t<\/div>\n\t\t\t\t<\/div>\n\t\t\t\t\t<\/div>\n\t\t<\/div>\n\t\t\t\t\t<\/div>\n\t\t<\/section>\n\t\t\t\t<section class=\"elementor-section elementor-top-section elementor-element elementor-element-c578d61 elementor-section-boxed elementor-section-height-default elementor-section-height-default\" data-id=\"c578d61\" data-element_type=\"section\">\n\t\t\t\t\t\t<div class=\"elementor-container elementor-column-gap-default\">\n\t\t\t\t\t<div class=\"elementor-column elementor-col-100 elementor-top-column elementor-element elementor-element-3d91c2a\" data-id=\"3d91c2a\" data-element_type=\"column\">\n\t\t\t<div class=\"elementor-widget-wrap elementor-element-populated\">\n\t\t\t\t\t\t<div class=\"elementor-element elementor-element-aee55aa elementor-widget elementor-widget-text-editor\" data-id=\"aee55aa\" data-element_type=\"widget\" data-widget_type=\"text-editor.default\">\n\t\t\t\t<div class=\"elementor-widget-container\">\n\t\t\t\t\t\t\t<p>A HBC Mobility trabalha com nossos clientes e  parceiros globais com recursos avan\u00e7ados de <strong>Solu\u00e7\u00f5es de carregamento de ve\u00edculos el\u00e9tricos<\/strong> para promover um futuro sustent\u00e1vel.<\/p>\t\t\t\t\t\t<\/div>\n\t\t\t\t<\/div>\n\t\t\t\t\t<\/div>\n\t\t<\/div>\n\t\t\t\t\t<\/div>\n\t\t<\/section>\n\t\t\t\t<\/div>","protected":false},"excerpt":{"rendered":"<p>Atualmente, as vendas de ve\u00edculos el\u00e9tricos t\u00eam aumentado rapidamente em todo o mundo. A onda de eletrifica\u00e7\u00e3o global de ve\u00edculos...<\/p>","protected":false},"author":1,"featured_media":0,"parent":0,"menu_order":0,"comment_status":"closed","ping_status":"closed","template":"elementor_header_footer","meta":{"footnotes":""},"_links":{"self":[{"href":"https:\/\/hbcmobility.com.br\/br\/wp-json\/wp\/v2\/pages\/3129"}],"collection":[{"href":"https:\/\/hbcmobility.com.br\/br\/wp-json\/wp\/v2\/pages"}],"about":[{"href":"https:\/\/hbcmobility.com.br\/br\/wp-json\/wp\/v2\/types\/page"}],"author":[{"embeddable":true,"href":"https:\/\/hbcmobility.com.br\/br\/wp-json\/wp\/v2\/users\/1"}],"replies":[{"embeddable":true,"href":"https:\/\/hbcmobility.com.br\/br\/wp-json\/wp\/v2\/comments?post=3129"}],"version-history":[{"count":21,"href":"https:\/\/hbcmobility.com.br\/br\/wp-json\/wp\/v2\/pages\/3129\/revisions"}],"predecessor-version":[{"id":5399,"href":"https:\/\/hbcmobility.com.br\/br\/wp-json\/wp\/v2\/pages\/3129\/revisions\/5399"}],"wp:attachment":[{"href":"https:\/\/hbcmobility.com.br\/br\/wp-json\/wp\/v2\/media?parent=3129"}],"curies":[{"name":"wp","href":"https:\/\/api.w.org\/{rel}","templated":true}]}}

Recarga de veículos elétricos

<div data-elementor-type="wp-page" data-elementor-id="3129" class="elementor elementor-3129">
						<section class="elementor-section elementor-top-section elementor-element elementor-element-92dbf9d elementor-section-boxed elementor-section-height-default elementor-section-height-default" data-id="92dbf9d" data-element_type="section">
						<div class="elementor-container elementor-column-gap-default">
					<div class="elementor-column elementor-col-100 elementor-top-column elementor-element elementor-element-2e6b79d" data-id="2e6b79d" data-element_type="column">
			<div class="elementor-widget-wrap elementor-element-populated">
						<div class="elementor-element elementor-element-91e2236 elementor-widget elementor-widget-text-editor" data-id="91e2236" data-element_type="widget" data-widget_type="text-editor.default">
				<div class="elementor-widget-container">
			<style>/*! elementor - v3.19.0 - 29-01-2024 */
.elementor-widget-text-editor.elementor-drop-cap-view-stacked .elementor-drop-cap{background-color:#69727d;color:#fff}.elementor-widget-text-editor.elementor-drop-cap-view-framed .elementor-drop-cap{color:#69727d;border:3px solid;background-color:transparent}.elementor-widget-text-editor:not(.elementor-drop-cap-view-default) .elementor-drop-cap{margin-top:8px}.elementor-widget-text-editor:not(.elementor-drop-cap-view-default) .elementor-drop-cap-letter{width:1em;height:1em}.elementor-widget-text-editor .elementor-drop-cap{float:left;text-align:center;line-height:1;font-size:50px}.elementor-widget-text-editor .elementor-drop-cap-letter{display:inline-block}</style>				<p>Atualmente, as vendas de veículos elétricos têm aumentado rapidamente em todo o mundo. A onda de eletrificação global de veículos tem sido uma tendência . À medida que os veículos elétricos aumentam, a demanda por carregamento de veículos elétricos cresce a cada dia.</p>						</div>
				</div>
					</div>
		</div>
					</div>
		</section>
				<section class="elementor-section elementor-top-section elementor-element elementor-element-6b0b8b5 elementor-section-boxed elementor-section-height-default elementor-section-height-default" data-id="6b0b8b5" data-element_type="section">
						<div class="elementor-container elementor-column-gap-default">
					<div class="elementor-column elementor-col-50 elementor-top-column elementor-element elementor-element-517a8d1" data-id="517a8d1" data-element_type="column">
			<div class="elementor-widget-wrap elementor-element-populated">
						<div class="elementor-element elementor-element-c73f30d elementor-widget elementor-widget-image" data-id="c73f30d" data-element_type="widget" data-widget_type="image.default">
				<div class="elementor-widget-container">
			<style>/*! elementor - v3.19.0 - 29-01-2024 */
.elementor-widget-image{text-align:center}.elementor-widget-image a{display:inline-block}.elementor-widget-image a img[src$=".svg"]{width:48px}.elementor-widget-image img{vertical-align:middle;display:inline-block}</style>										<img fetchpriority="high" decoding="async" width="750" height="750" src="https://hbcmobility.com.br/wp-content/uploads/2024/02/1-1.png" class="attachment-full size-full wp-image-5022" alt="" srcset="https://hbcmobility.com.br/wp-content/uploads/2024/02/1-1.png 750w, https://hbcmobility.com.br/wp-content/uploads/2024/02/1-1-300x300.png 300w, https://hbcmobility.com.br/wp-content/uploads/2024/02/1-1-150x150.png 150w, https://hbcmobility.com.br/wp-content/uploads/2024/02/1-1-12x12.png 12w, https://hbcmobility.com.br/wp-content/uploads/2024/02/1-1-285x285.png 285w, https://hbcmobility.com.br/wp-content/uploads/2024/02/1-1-270x270.png 270w, https://hbcmobility.com.br/wp-content/uploads/2024/02/1-1-540x540.png 540w, https://hbcmobility.com.br/wp-content/uploads/2024/02/1-1-660x660.png 660w" sizes="(max-width: 750px) 100vw, 750px" />													</div>
				</div>
					</div>
		</div>
				<div class="elementor-column elementor-col-50 elementor-top-column elementor-element elementor-element-2fd08fa" data-id="2fd08fa" data-element_type="column">
			<div class="elementor-widget-wrap elementor-element-populated">
						<div class="elementor-element elementor-element-4ee71f5 elementor-widget elementor-widget-text-editor" data-id="4ee71f5" data-element_type="widget" data-widget_type="text-editor.default">
				<div class="elementor-widget-container">
							<p>Com a visão de uma solução inteligente e acessível de <a title="Carregador de Veículos Elétricos - Home" href="https://site.hbcmobility.com.br/home-ev-charger/"><strong>Carregamento de veículos elétricos</strong></a> A HBC Mobility fornece soluções completas, desde o armazenamento de energia até o carregamento de veículos elétricos. Para a nossa solução de carregamento de veículos elétricos, não só fabricamos carregadores de veículos elétricos, mas também desenvolvemos plataformas de carregamento de veículos elétricos e aplicativos de carregamento de veículos elétricos, o que torna uma solução completa de carregamento de veículos elétricos disponível para nossos clientes. Também mantemos nossa tecnologia de carregamento de veículos elétricos sempre atualizada com as novas tecnologias. Por exemplo, a ISO15118, que oferece gerenciamento dinâmico de carga e a integração do sistema de armazenamento de energia que estão disponíveis na <a href="https://site.hbcmobility.com.br/"><strong>HBC Mobility.</strong></a></p>						</div>
				</div>
				<div class="elementor-element elementor-element-ea05442 elementor-align-left elementor-widget elementor-widget-button" data-id="ea05442" data-element_type="widget" data-widget_type="button.default">
				<div class="elementor-widget-container">
					<div class="elementor-button-wrapper">
			<a class="elementor-button elementor-button-link elementor-size-sm" href="https://site.hbcmobility.com.br/product-category/home-ev-charger/">
						<span class="elementor-button-content-wrapper">
						<span class="elementor-button-text">Saiba mais</span>
		</span>
					</a>
		</div>
				</div>
				</div>
					</div>
		</div>
					</div>
		</section>
				<section class="elementor-section elementor-top-section elementor-element elementor-element-76b82ce elementor-section-boxed elementor-section-height-default elementor-section-height-default" data-id="76b82ce" data-element_type="section" data-settings="{&quot;background_background&quot;:&quot;classic&quot;}">
						<div class="elementor-container elementor-column-gap-default">
					<div class="elementor-column elementor-col-50 elementor-top-column elementor-element elementor-element-5524886" data-id="5524886" data-element_type="column">
			<div class="elementor-widget-wrap elementor-element-populated">
						<div class="elementor-element elementor-element-343802d elementor-widget elementor-widget-text-editor" data-id="343802d" data-element_type="widget" data-widget_type="text-editor.default">
				<div class="elementor-widget-container">
							<p>Segurança, inteligência e durabilidade são fatores importantes que consideramos para o carregamento de veículos elétricos, e é exatamente isso que buscamos em nossos carregadores de veículos elétricos por meio de pesquisa e desenvolvimento constantes. As certificações de nossos carregadores de veículos elétricos nos tornam experientes em regulamentações rigorosas.  </p>						</div>
				</div>
				<div class="elementor-element elementor-element-32af7cc elementor-align-left elementor-widget elementor-widget-button" data-id="32af7cc" data-element_type="widget" data-widget_type="button.default">
				<div class="elementor-widget-container">
					<div class="elementor-button-wrapper">
			<a class="elementor-button elementor-button-link elementor-size-sm" href="https://site.hbcmobility.com.br/contact-us/">
						<span class="elementor-button-content-wrapper">
						<span class="elementor-button-text">Contato</span>
		</span>
					</a>
		</div>
				</div>
				</div>
					</div>
		</div>
				<div class="elementor-column elementor-col-50 elementor-top-column elementor-element elementor-element-4ceb53e" data-id="4ceb53e" data-element_type="column">
			<div class="elementor-widget-wrap elementor-element-populated">
						<div class="elementor-element elementor-element-df3fc35 elementor-widget elementor-widget-image" data-id="df3fc35" data-element_type="widget" data-widget_type="image.default">
				<div class="elementor-widget-container">
													<img decoding="async" width="750" height="750" src="https://hbcmobility.com.br/wp-content/uploads/2024/02/2-1.png" class="attachment-full size-full wp-image-5023" alt="" srcset="https://hbcmobility.com.br/wp-content/uploads/2024/02/2-1.png 750w, https://hbcmobility.com.br/wp-content/uploads/2024/02/2-1-300x300.png 300w, https://hbcmobility.com.br/wp-content/uploads/2024/02/2-1-150x150.png 150w, https://hbcmobility.com.br/wp-content/uploads/2024/02/2-1-12x12.png 12w, https://hbcmobility.com.br/wp-content/uploads/2024/02/2-1-285x285.png 285w, https://hbcmobility.com.br/wp-content/uploads/2024/02/2-1-270x270.png 270w, https://hbcmobility.com.br/wp-content/uploads/2024/02/2-1-540x540.png 540w, https://hbcmobility.com.br/wp-content/uploads/2024/02/2-1-660x660.png 660w" sizes="(max-width: 750px) 100vw, 750px" />													</div>
				</div>
					</div>
		</div>
					</div>
		</section>
				<section class="elementor-section elementor-top-section elementor-element elementor-element-c578d61 elementor-section-boxed elementor-section-height-default elementor-section-height-default" data-id="c578d61" data-element_type="section">
						<div class="elementor-container elementor-column-gap-default">
					<div class="elementor-column elementor-col-100 elementor-top-column elementor-element elementor-element-3d91c2a" data-id="3d91c2a" data-element_type="column">
			<div class="elementor-widget-wrap elementor-element-populated">
						<div class="elementor-element elementor-element-aee55aa elementor-widget elementor-widget-text-editor" data-id="aee55aa" data-element_type="widget" data-widget_type="text-editor.default">
				<div class="elementor-widget-container">
							<p>A HBC Mobility trabalha com nossos clientes e  parceiros globais com recursos avançados de <strong>Soluções de carregamento de veículos elétricos</strong> para promover um futuro sustentável.</p>						</div>
				</div>
					</div>
		</div>
					</div>
		</section>
				</div>

<p>Atualmente, as vendas de veículos elétricos têm aumentado rapidamente em todo o mundo. A onda de eletrificação global de veículos...</p>
